*r + w - 19 = 0. Let g(u) = -u**3 + 4*u**2 + 14*u - 9. Is g(r) a prime number?
True
Suppose q - 4 + 20 = 4*s, -3*s - 3*q = -27. Suppose -a + 5*a = c - 2503, 0 = -s*c + a + 12515. Is c composite?
False
Suppose -27*w - 8685460 = -47*w. Is w a prime number?
False
Let h = -60 - -66. Suppose 2*y - h*y + 292 = 0. Suppose 2*x - 2287 = -4*i - y, -3*i = 3*x - 1659. Is i composite?
True
Suppose 6*l + 17 = -1. Let h(b) = -b**3 - b**2 + 1. Let z(u) = -24*u**3 - 5*u**2 - 3*u - 4. Let w(t) = l*h(t) + z(t). Is w(-3) a prime number?
False
Let l = 177 - 155. Suppose 4618 = -20*p + l*p. Is p a prime number?
True
Let u(m) = 142 - 27*m**2 + 31*m - 303*m**3 - 7*m + 157*m**3 + 150*m**3. Is u(19) a prime number?
True
Suppose 153*t - 76*t + 821234 = 79*t. Is t prime?
True
Suppose -3*q = -3*x - 58557, q = -6*x + 11*x + 19523. Is q*((-4)/6 - -1) + -3 a prime number?
False
Suppose u - 11*u + 1608783 = 23*u. Is u prime?
True
Let j(u) = -4 + 3*u - u**3 + 13*u + 14*u**2 - 7. Let v be j(15). Suppose v*i = -0*i + 2332. Is i composite?
True
Is (20 - (-189133)/35)*(-5)/(-1) a composite number?
True
Suppose -4*g + 3*w - 532 = 0, 266 = -2*g + w - 3*w. Is -3 + (1 + 1 + g)*-4 a prime number?
True
Let l(j) be the first derivative of j**4/4 + 2*j**3 + 5*j**2/2 - 5*j - 10. Let r be l(-3). Is 13/39 + r/(-3) - -196 composite?
True
Suppose -3*l + 15 = 4*v, 0*l + 4*l - 20 = -2*v. Let p = 2837 - 1238. Suppose 4*b - p = y, -l*b + 5*y + 0*y = -1980. Is b composite?
False
Let k(p) = -176804*p - 7835. Is k(-6) a composite number?
True
Let c(d) = 11636*d + 46. Let g(b) = 3878*b + 15. Let h(r) = 4*c(r) - 11*g(r). Is h(3) a prime number?
True
Suppose -5*r = -0*r - 4690. Let j = r + -98. Is 4 + -3 + j + 2 a composite number?
True
Let j(w) = 3*w**2 + 6*w - 5. Let x be j(4). Let d = -68 + x. Is ((-1046)/6)/(d/33) a composite number?
True
Let i(o) be the first derivative of 3/2*o**2 - 5 + 1477*o. Is i(0) a prime number?
False
Suppose -9*u - 7 = -34. Let q = -11 - -16. Suppose x - 217 = -s + u*x, -1070 = -5*s + q*x. Is s prime?
True
Let y = -3251 + 9165. Let c = y + -875. Is c a composite number?
False
Suppose 0 = 5*d - 10, -2*c - 2*d = c + 11. Let k be 2054/5 + 6/30. Is 1/c + (-5)/((-25)/k) prime?
False
Let c(d) = 9026*d + 192. Let k be c(7). Suppose -5*h + k = 2*a, -4*h + 59829 - 9137 = -2*a. Is h a composite number?
True
Let g = -756 - -2224. Let r = g + -767. Is r prime?
True
Let z be 8 - (-5)/(25/(-20)). Suppose 35 = 2*s + s - z*w, 5*s = -5*w. Suppose -s*i - 99 = -4*h, i + 4*i = 3*h - 78. Is h prime?
False
Let u(d) = -77963*d**3 + d**2 + 7*d - 2. Is u(-3) composite?
False
Let g(z) = -z. Let n(o) = 23*o**3 - 7*o**2 + 15*o + 3. Let f(r) = -g(r) - n(r). Is f(-7) a composite number?
True
Suppose 8*k = -27 - 53. Is (42482/(-55))/(4/k) composite?
False
Is 13*18351 + (14 - (-13 + 31)) prime?
False
Let c(h) = 1047*h + 70. Let i(p) = -2095*p - 139. Let a(v) = -7*c(v) - 3*i(v). Is a(-13) a prime number?
True
Is (-2 + 11 - (1 - -2)) + (10 - -250263) prime?
True
Suppose 0 = -6*b - 14866 - 42878. Let u = -5427 - b. Is u a composite number?
True
Let x(m) = 12*m**2 - 4*m - 9. Let g = -75 - -85. Is x(g) prime?
True
Suppose -39*r + 5273296 - 15823 = 0. Is r composite?
False
Suppose -2*o + 22254 = -g, -5*g + 2694 = -2*o + 24916. Is o composite?
False
Let b(o) = -694*o - 53. Let v(t) = -1044*t - 80. Let s(l) = 7*b(l) - 5*v(l). Is s(4) composite?
True
Let g be (-2 + 1)/(14/210). Let w(v) = -30*v - 34. Let p be w(g). Let x = p - -287. Is x composite?
True
Suppose -18 + 24 = -6*a. Let v(m) = -2360*m**3 + 2*m**2 + 6*m + 3. Is v(a) a composite number?
True
Let c(q) = q**2 + 5*q - 10. Let k be c(-7). Suppose -4*f = 5*b + f - 85, b = k*f - 8. Is (611/(-39))/((-2)/b) a prime number?
False
Let y(a) = a**3 + 9*a**2 + 10*a + 19. Let b be y(-8). Let l(i) = -1 + 1 + 4*i + i**2 - 5 - b. Is l(7) composite?
True
Let r = -26616 + 56539. Is r a prime number?
False
Let k(l) = -153*l**3 - 30*l**2 - 24*l - 253. Is k(-20) composite?
False
Let u = 401 + -401. Suppose 26*z - 23*z + 2*b - 1007 = u, -3*b - 15 = 0. Is z composite?
True
Let v(k) = -29*k**3 + 21*k**3 - 2 - 3*k - 20*k**3 - 65*k**3 - k**2 - 34*k**3. Suppose -5*h + r - 7 = 0, 4*h + 4*r = 2*h + 6. Is v(h) composite?
False
Let p be (6 + -9 + -20)*-1. Suppose -19*g + p*g - 6172 = 0. Is g a prime number?
True
Let g = -263 + 266. Suppose 4*h + 182 = x - 391, -3*x + 1644 = g*h. Is x prime?
False
Let l(p) = 3129*p**3 - 17*p**2 + 18*p + 163. Is l(5) prime?
True
Suppose -3*x + 3*k = 0, -11*x + 8*x = 4*k - 21. Suppose 0 = -4*n + x*m + 9326, -m - 3392 = -4*n + 5938. Is n composite?
False
Let c = -2751 - -2754. Let x(v) = 3763*v + 1. Let h be x(1). Suppose c*k + k = h. Is k a composite number?
False
Let z(m) = 87*m**2 + 92*m + 127. Is z(44) a composite number?
False
Let o(g) = -3*g**3 + 37 + 7*g**2 + 6*g**2 - 52 - 3*g**3 - 9*g. Let h be o(9). Let t = -1468 - h. Is t a prime number?
True
Let z(j) = -813*j + 320. Is z(-11) a composite number?
True
Let o = 634290 - 149171. Is o prime?
False
Let m = 41901 + -1690. Is m a prime number?
False
Suppose 5*k - 2*n = 3*n - 4405, -4*k + n = 3524. Let q = -214 - k. Is q a composite number?
True
Is 3/((-18)/(-2920539)) + (11 + 5)/32 composite?
False
Suppose -2*o = -4*b + 17250 + 260, 4*o - 21868 = -5*b. Suppose -4*v = -3*a + 28561, a + 2*v = b + 5161. Is a a prime number?
False
Let r(p) = 23*p**2 - 10*p - 7. Let c be r(5). Suppose 4*l - 3*l = 2*y - c, 0 = 5*y - 3*l - 1297. Is y prime?
True
Let a(b) = -6*b - 21. Let k be a(-4). Is (k - 2 - (-6)/(-3))*-21531 composite?
True
Suppose y - 1765 = -212. Suppose 260*l = 266*l - 24. Suppose l*b - 2*k - 4308 = 0, 3*b - 5*k - 1664 = y. Is b prime?
False
Let x(m) = -457*m**3 - m - 1. Let t be x(-1). Let n(k) = -8*k + 5. Let r be n(0). Suppose -r*f = -3048 - t. Is f composite?
False
Let c(d) = -66*d - 79. Let y be c(-10). Suppose -7949 = -10*b + y. Is b composite?
False
Suppose 7*w - 34 = 8. Suppose 2*b - u + 20 = w*b, -4*u = -4*b. Suppose -l = b*l - 6295. Is l prime?
True
Suppose -73*u - 68*u = 163*u - 4030736. Is u prime?
True
Let p(z) = 265*z**3 + 6*z**2 - 6*z + 38. Is p(5) a prime number?
False
Let j = 542 + -536. Suppose 0 = 4*d - j*d - 4*s + 30046, -3*s + 15 = 0. Is d prime?
True
Let c be 8*1*398/4. Suppose -4*a = -0*m - m + 784, -m + a + c = 0. Let v = m + -381. Is v a composite number?
False
Suppose -86*l + 973011 + 1008248 = -2251575. Is l prime?
False
Is (6 + -366928)/(64/(-32)) a prime number?
True
Let q = 2299 - 1072. Let k = 10 + -16. Is (2/k)/((-1)/q) a prime number?
True
Let z(g) = 2096*g**2 + 12*g - 6. Let b be z(-6). Suppose 0 = -160*c + 166*c - b. Is c a composite number?
True
Let l be 2873*(3 + 0)/(-3). Let g = 6814 + l. Let b = g - 2206. Is b a composite number?
True
Suppose 6*k + 4*k = 330. Suppose k*m - 3009 = 30*m. Is m a composite number?
True
Suppose 44 - 28 = 2*h. Is 111*h/12*11/2 composite?
True
Let z be 7 + 13 - -1 - 1. Suppose 5*g + 3299 = -19*y + z*y, 5*y = 3*g + 16495. Is y a composite number?
False
Let u(x) = 170*x**3 - x**2 + 14*x - 23. Let v be ((-78)/(-195))/((-2)/(-10)). Is u(v) a composite number?
False
Let j be (-69402)/(-18) - (-2 + 10/6). Suppose 4*l + 448 = -2*y + j, 0 = -l - 5*y + 843. Is l a composite number?
False
Suppose -4*c = -5*h - 3236, -573 + 2513 = -3*h + 4*c. Let w = 595 - h. Is w a prime number?
False
Let k(u) = 1866*u**2 - 21*u - 307. Is k(-8) a composite number?
True
Let i(c) = 12*c**2 + 11*c**2 + 31*c - 451 + 448. Let u be i(-9). Suppose 18*q = 15*q + u. Is q composite?
True
Suppose -478173 - 115883 = -8*p. Is p prime?
True
Suppose 4*f + 5092 = 14500. Let t = -178 + f. Is t a prime number?
False
Let v = 27866 + -14055. Is v a prime number?
False
Let k be 12/(-48) - (-49341)/(-12). Let p = 7501 + k. Is p a prime number?
True
Suppose -7*x + 2*x + 15 = 0. Suppose u + x*v = 10, 5*u + v = -3*v + 61. Let i(k) = k**3 - 12*k**2 + 6*k + 10. Is i(u) composite?
False
Let j(k) = 1493*k - 13. Let b be j(14). Let v = b - 72711. Is (v/(-90))/(2/10) composite?
False
Suppose 4 + 4 = 8*o. Suppose 2*i - 4 = 2*u - 0, 3*i - 4*u = o. Suppose 3*f - i*f = -1996. Is f composite?
False
Let x(l) = 2*l**3 + l**2 - 34*l + 33. Let n be x(-19). Let p = -7267 - n. Is p a composite number?
True
Is (10157778/(-81))/(16/(-24)) a prime number?
True
Let m(h) = -55*h - 4. Let d(k) = 2*k - 45. L